{"id":300,"date":"2014-10-08T02:21:07","date_gmt":"2014-10-08T00:21:07","guid":{"rendered":"http:\/\/www.panpagan.com\/forum_neu\/ppwp\/?page_id=300"},"modified":"2015-06-28T02:46:28","modified_gmt":"2015-06-28T00:46:28","slug":"kosmischer-tanz","status":"publish","type":"page","link":"https:\/\/www.panpagan.com\/forum_neu\/ppwp\/kosmischer-tanz\/","title":{"rendered":"\u00dcber-Sicht Kosmischer Tanz"},"content":{"rendered":"<p>Das Sanatana Dharma, im allgemeinen unter Hinduismus oder Hindu-Dharma bekannt, geh\u00f6rt zu den wohl \u00e4ltesten, kontinuierlich \u00fcberlieferten Traditionen des Heidentums in der Welt.<br \/>\nDie tats\u00e4chlichen Urspr\u00fcnge liegen, wie bei so vielem, im Dunkel der Zeit verborgen, doch weisen die Spuren bis etwa in die Zeit um 2600 v.u.Z. in die sog. Indus-Kultur zur\u00fcck, die bis etwa 1750 v.u.Z. andauerte.<br \/>\nIn der anschlie\u00dfenden Vedischen Periode (ca. 1750-500 v.uZ.) wurden die ersten Hymnen und Mythen niedergeschrieben, von denen der \u00e4lteste Epos, das Rigveda, etwa in die Zeit um 1700-1100 v.u.Z. datiert wird.<\/p>\n<p>Spannender Weise wird der Hinduismus in der heidnischen &#8222;Szene&#8220; Deutschlands gerne ausgeblendet.<br \/>\nIch m\u00f6chte dies gerne \u00e4ndern\u00a0 und daf\u00fcr soll diese Rubrik dienen.<\/p>\n<p>Siat<\/p>\n<hr \/>\n<table class=\" alignleft\" style=\"height: 823px;\" width=\"473\">\n<tbody>\n<tr>\n<td style=\"text-align: left;\"><span style=\"text-decoration: underline; font-size: 14pt;\"><strong>Artikel<\/strong><\/span><\/td>\n<td style=\"text-align: left;\"><span style=\"text-decoration: underline; font-size: 14pt;\"><strong>Autor<\/strong><\/span><\/td>\n<\/tr>\n<tr>\n<td style=\"text-align: left;\"><span style=\"font-size: 12pt;\"><a href=\"https:\/\/www.panpagan.com\/forum_neu\/ppwp\/?p=111\">Navratri &#8211; Die neun heiligen N\u00e4chte der Mutter (Teil 1)<\/a><\/span><\/td>\n<td style=\"text-align: left;\"><span style=\"font-size: 12pt;\">by Siat, 26.09.14<br \/>\n<\/span><\/td>\n<\/tr>\n<tr>\n<td style=\"text-align: left;\"><span style=\"font-size: 12pt;\"><a href=\"https:\/\/www.panpagan.com\/forum_neu\/ppwp\/?p=121\">Navratri &#8211; Die neun heiligen N\u00e4chte der Mutter (Teil 2)<\/a><\/span><\/td>\n<td style=\"text-align: left;\"><span style=\"font-size: 12pt;\">by Siat, 26.09.14<br \/>\n<\/span><\/td>\n<\/tr>\n<tr>\n<td style=\"text-align: left;\"><span style=\"font-size: 12pt;\"><a href=\"https:\/\/www.panpagan.com\/forum_neu\/ppwp\/?p=124\">Navratri &#8211; Die neun heiligen N\u00e4chte der Mutter (Teil 3)<\/a><\/span><\/td>\n<td style=\"text-align: left;\"><span style=\"font-size: 12pt;\">by Siat, 26.09.14<br \/>\n<\/span><\/td>\n<\/tr>\n<tr>\n<td style=\"text-align: left;\"><span style=\"font-size: 12pt;\"><a href=\"https:\/\/www.panpagan.com\/forum_neu\/ppwp\/?p=247\">Navratri &#8211; Die neun heiligen N\u00e4chte der Mutter (Teil 4)<\/a><\/span><\/td>\n<td style=\"text-align: left;\"><span style=\"font-size: 12pt;\">by Siat, 05.10.14<br \/>\n<\/span><\/td>\n<\/tr>\n<tr>\n<td style=\"text-align: left;\"><span style=\"font-size: 12pt;\"><a href=\"https:\/\/www.panpagan.com\/forum_neu\/ppwp\/?p=248\">Navratri &#8211; Die neun heiligen N\u00e4chte der Mutter (Teil 5)<\/a><\/span><\/td>\n<td style=\"text-align: left;\"><span style=\"font-size: 12pt;\">by Siat, 05.10.14<br \/>\n<\/span><\/td>\n<\/tr>\n<tr>\n<td style=\"text-align: left;\"><span style=\"font-size: 12pt;\"><a href=\"https:\/\/www.panpagan.com\/forum_neu\/ppwp\/?p=249\">Navratri &#8211; Die neun heiligen N\u00e4chte der Mutter (Teil 6)<\/a><\/span><\/td>\n<td style=\"text-align: left;\"><span style=\"font-size: 12pt;\">by Siat, 05.10.14<br \/>\n<\/span><\/td>\n<\/tr>\n<tr>\n<td style=\"text-align: left;\"><a href=\"https:\/\/www.panpagan.com\/forum_neu\/ppwp\/?p=320\"><span style=\"font-size: 12pt;\">Navratri-Die neun heiligen N\u00e4chte der Mutter (Teil 7)<\/span><\/a><\/td>\n<td style=\"text-align: left;\"><span style=\"font-size: 12pt;\">by Siat, 13.10.14<\/span><\/td>\n<\/tr>\n<tr>\n<td style=\"text-align: left;\"><a href=\"https:\/\/www.panpagan.com\/forum_neu\/ppwp\/?p=333\"><span style=\"font-size: 12pt;\">Navratri-Die neun heiligen N\u00e4chte der Mutter (Teil 8)<\/span><\/a><\/td>\n<td style=\"text-align: left;\"><span style=\"font-size: 12pt;\">by Siat,<br \/>\n13.10.14<\/span><\/td>\n<\/tr>\n<tr>\n<td style=\"text-align: left;\"><a href=\"https:\/\/www.panpagan.com\/forum_neu\/ppwp\/?p=524\"><span style=\"font-size: 12pt;\">Mantra, Chant und Affirmation-Ein Versuch der Unterscheidung (Teil 1)<\/span><\/a><\/td>\n<td style=\"text-align: left;\"><span style=\"font-size: 12pt;\">by Siat,<br \/>\n23.11.14<\/span><\/td>\n<\/tr>\n<tr>\n<td style=\"text-align: left;\"><a href=\"https:\/\/www.panpagan.com\/forum_neu\/ppwp\/?p=568\"><span style=\"font-size: 12pt;\">Mantra, Chant und Affirmation-Ein Versuch der Unterscheidung (Teil 2)<\/span><\/a><\/td>\n<td style=\"text-align: left;\"><span style=\"font-size: 12pt;\">by Siat,<br \/>\n04.01.15<\/span><\/td>\n<\/tr>\n<tr>\n<td style=\"text-align: left;\"><a href=\"https:\/\/www.panpagan.com\/forum_neu\/ppwp\/?p=600\"><span style=\"font-size: 12pt;\">Mantra, Chant und Affirmation-Ein Versuch der Unterscheidung (Teil 3)<\/span><\/a><\/td>\n<td style=\"text-align: left;\"><span style=\"font-size: 12pt;\">by Siat,<br \/>\n25.01.15<\/span><\/td>\n<\/tr>\n<tr>\n<td style=\"text-align: left;\"><a href=\"https:\/\/www.panpagan.com\/forum_neu\/ppwp\/?p=631\"><span style=\"font-size: 12pt;\">Mantra, Chant und Affirmation-Ein Versuch der Unterscheidung (Teil 4)<\/span><\/a><\/td>\n<td style=\"text-align: left;\"><span style=\"font-size: 12pt;\">by Siat,<br \/>\n08.03.15<\/span><\/td>\n<\/tr>\n<tr>\n<td style=\"text-align: left;\"><span style=\"font-size: 12pt;\"><a href=\"https:\/\/www.panpagan.com\/forum_neu\/ppwp\/?p=739\">Devi Mahatmya Stotra Ashtakam<\/a><\/span><\/td>\n<td style=\"text-align: left;\"><span style=\"font-size: 12pt;\">by Siat, 22.03.15<\/span><\/td>\n<\/tr>\n<\/tbody>\n<\/table>\n<p>&nbsp;<\/p>\n","protected":false},"excerpt":{"rendered":"<p>Das Sanatana Dharma, im allgemeinen unter Hinduismus oder Hindu-Dharma bekannt, geh\u00f6rt zu den wohl \u00e4ltesten, kontinuierlich \u00fcberlieferten Traditionen des Heidentums in der Welt. Die tats\u00e4chlichen Urspr\u00fcnge liegen, wie bei so vielem, im Dunkel der Zeit verborgen, doch weisen die Spuren bis etwa in die Zeit um 2600 v.u.Z. in die sog. Indus-Kultur zur\u00fcck, die bis &hellip; <a href=\"https:\/\/www.panpagan.com\/forum_neu\/ppwp\/kosmischer-tanz\/\" class=\"more-link\"><span class=\"screen-reader-text\">\u00dcber-Sicht Kosmischer Tanz<\/span> weiterlesen <span class=\"meta-nav\">&rarr;<\/span><\/a><\/p>\n","protected":false},"author":7,"featured_media":304,"parent":0,"menu_order":0,"comment_status":"closed","ping_status":"open","template":"","meta":{"jetpack_post_was_ever_published":false,"footnotes":""},"class_list":["post-300","page","type-page","status-publish","has-post-thumbnail","hentry"],"jetpack_sharing_enabled":true,"jetpack_shortlink":"https:\/\/wp.me\/P55jil-4Q","jetpack_likes_enabled":true,"jetpack-related-posts":[{"id":1098,"url":"https:\/\/www.panpagan.com\/forum_neu\/ppwp\/ueber-uns\/autorinnen-und-rubrikenbetreuerinnen-des-blogs\/","url_meta":{"origin":300,"position":0},"title":"AutorInnen und RubrikenbetreuerInnen des Blogs","author":"Redaktion","date":"22. Januar 2017","format":false,"excerpt":"Hier findet Ihr (kurze) Vorstellung unserer AutorInnen und RubrikenbetreuerInnen. Siat Ich bin seit 2003 im Internet und der heidnischen \"Szene\" unterwegs, und betreibe zusammen mit meinem Mann StarFire das PanPagan-Forum.\u00a0 Vorher war ich eine kurze Weile im Mutterforum Paganforum als Moderatorin aktiv. Ich bin Reiki-Meisterin (Usui-Reiki), und verdiene mein t\u00e4gliches\u2026","rel":"","context":"\u00c4hnlicher Beitrag","block_context":{"text":"\u00c4hnlicher Beitrag","link":""},"img":{"alt_text":"","src":"https:\/\/i0.wp.com\/www.panpagan.com\/forum_neu\/ppwp\/wp-content\/uploads\/2017\/01\/DannyExamen3.jpg?resize=350%2C200&ssl=1","width":350,"height":200,"srcset":"https:\/\/i0.wp.com\/www.panpagan.com\/forum_neu\/ppwp\/wp-content\/uploads\/2017\/01\/DannyExamen3.jpg?resize=350%2C200&ssl=1 1x, https:\/\/i0.wp.com\/www.panpagan.com\/forum_neu\/ppwp\/wp-content\/uploads\/2017\/01\/DannyExamen3.jpg?resize=525%2C300&ssl=1 1.5x, https:\/\/i0.wp.com\/www.panpagan.com\/forum_neu\/ppwp\/wp-content\/uploads\/2017\/01\/DannyExamen3.jpg?resize=700%2C400&ssl=1 2x"},"classes":[]},{"id":1038,"url":"https:\/\/www.panpagan.com\/forum_neu\/ppwp\/ueber-sicht-im-allerheilgsten\/","url_meta":{"origin":300,"position":1},"title":"\u00dcber-Sicht Im Allerheilgsten","author":"admin101","date":"27. M\u00e4rz 2016","format":false,"excerpt":"Die kultische Verehrung von G\u00f6ttinnen und G\u00f6ttern hat zu allen Zeiten bereits eine wesentliche Rolle in den V\u00f6lkern der Welt gespielt, und spielt es im heutigen Heidentum in vielfacher Weise wieder.\u00a0 Sei es im privaten, aber auch im \u00f6ffentlichen Rahmen. Mit welchen Ritualen k\u00f6nnen die G\u00f6ttlichen geehrt werden? Wie k\u00f6nnen\u2026","rel":"","context":"\u00c4hnlicher Beitrag","block_context":{"text":"\u00c4hnlicher Beitrag","link":""},"img":{"alt_text":"","src":"","width":0,"height":0},"classes":[]},{"id":1014,"url":"https:\/\/www.panpagan.com\/forum_neu\/ppwp\/ueber-sicht-im-schatten-der-eiche\/","url_meta":{"origin":300,"position":2},"title":"\u00dcber-Sicht Im Schatten der Eiche","author":"admin101","date":"27. M\u00e4rz 2016","format":false,"excerpt":"Die Eiche, so erz\u00e4hlt man, ist eine der hochverehrtesten B\u00e4ume der keltischen St\u00e4mme, sowohl auf dem Festland als auch auf den Inseln Britanniens und Irlands. In ihren Hainen sollen Druiden ihre Rituale gehalten und ihren G\u00f6ttern und G\u00f6ttinnen geopfert haben. Wir laden Euch ein, Euch im Schatten der Eiche nieder\u2026","rel":"","context":"\u00c4hnlicher Beitrag","block_context":{"text":"\u00c4hnlicher Beitrag","link":""},"img":{"alt_text":"","src":"https:\/\/i0.wp.com\/www.panpagan.com\/forum_neu\/ppwp\/wp-content\/uploads\/2016\/03\/100_7174-e1459079214642.jpg?resize=350%2C200&ssl=1","width":350,"height":200,"srcset":"https:\/\/i0.wp.com\/www.panpagan.com\/forum_neu\/ppwp\/wp-content\/uploads\/2016\/03\/100_7174-e1459079214642.jpg?resize=350%2C200&ssl=1 1x, https:\/\/i0.wp.com\/www.panpagan.com\/forum_neu\/ppwp\/wp-content\/uploads\/2016\/03\/100_7174-e1459079214642.jpg?resize=525%2C300&ssl=1 1.5x, https:\/\/i0.wp.com\/www.panpagan.com\/forum_neu\/ppwp\/wp-content\/uploads\/2016\/03\/100_7174-e1459079214642.jpg?resize=700%2C400&ssl=1 2x, https:\/\/i0.wp.com\/www.panpagan.com\/forum_neu\/ppwp\/wp-content\/uploads\/2016\/03\/100_7174-e1459079214642.jpg?resize=1050%2C600&ssl=1 3x, https:\/\/i0.wp.com\/www.panpagan.com\/forum_neu\/ppwp\/wp-content\/uploads\/2016\/03\/100_7174-e1459079214642.jpg?resize=1400%2C800&ssl=1 4x"},"classes":[]},{"id":1024,"url":"https:\/\/www.panpagan.com\/forum_neu\/ppwp\/ueber-sicht-jahreskreis\/","url_meta":{"origin":300,"position":3},"title":"\u00dcber-Sicht Jahreskreis","author":"admin101","date":"27. M\u00e4rz 2016","format":false,"excerpt":"Das Leben ist ein ewiger Kreislauf von Werden und Vergehen. Im Laufe des Jahres erleben und feiern wir diesen Kreis, erleben wir uns als ein Teil von ihm und zelebrieren sowohl die G\u00f6ttlichen, als auch das Leben in und um uns. Das Rad des Jahres, in dessen Verlauf wir die\u2026","rel":"","context":"\u00c4hnlicher Beitrag","block_context":{"text":"\u00c4hnlicher Beitrag","link":""},"img":{"alt_text":"","src":"https:\/\/i0.wp.com\/www.panpagan.com\/forum_neu\/ppwp\/wp-content\/uploads\/2016\/03\/pagan_wheel_of_the_year_by_estruda-d2o95jb.jpg?resize=350%2C200&ssl=1","width":350,"height":200,"srcset":"https:\/\/i0.wp.com\/www.panpagan.com\/forum_neu\/ppwp\/wp-content\/uploads\/2016\/03\/pagan_wheel_of_the_year_by_estruda-d2o95jb.jpg?resize=350%2C200&ssl=1 1x, https:\/\/i0.wp.com\/www.panpagan.com\/forum_neu\/ppwp\/wp-content\/uploads\/2016\/03\/pagan_wheel_of_the_year_by_estruda-d2o95jb.jpg?resize=525%2C300&ssl=1 1.5x, https:\/\/i0.wp.com\/www.panpagan.com\/forum_neu\/ppwp\/wp-content\/uploads\/2016\/03\/pagan_wheel_of_the_year_by_estruda-d2o95jb.jpg?resize=700%2C400&ssl=1 2x, https:\/\/i0.wp.com\/www.panpagan.com\/forum_neu\/ppwp\/wp-content\/uploads\/2016\/03\/pagan_wheel_of_the_year_by_estruda-d2o95jb.jpg?resize=1050%2C600&ssl=1 3x, https:\/\/i0.wp.com\/www.panpagan.com\/forum_neu\/ppwp\/wp-content\/uploads\/2016\/03\/pagan_wheel_of_the_year_by_estruda-d2o95jb.jpg?resize=1400%2C800&ssl=1 4x"},"classes":[]},{"id":13,"url":"https:\/\/www.panpagan.com\/forum_neu\/ppwp\/impressum-disclaimer\/","url_meta":{"origin":300,"position":4},"title":"Impressum, Disclaimer &#038; Urheberrecht","author":"PanPagan-Team","date":"20. September 2014","format":false,"excerpt":"\u00a0Verantworlich f\u00fcr diese Seite: Webmaster: Heiko Humbert (StarFire) Admin: Daniela Humbert (Siat) Salzstra\u00dfe 8 D-90763 F\u00fcrth Kontakt: E-Mail-Adresse: kontakt@panpagan.com Telefon: +49 (0) 911 - 745026 PanPagan-Forum Facebook Urheberrecht Die Inhalte dieser Internetpr\u00e4senz sind urheberrechtlich gesch\u00fctzt und d\u00fcrfen nur nach vorheriger R\u00fccksprache per eMail und unter Nennung des entsprechenden Nicks (auch\u2026","rel":"","context":"\u00c4hnlicher Beitrag","block_context":{"text":"\u00c4hnlicher Beitrag","link":""},"img":{"alt_text":"","src":"","width":0,"height":0},"classes":[]},{"id":1036,"url":"https:\/\/www.panpagan.com\/forum_neu\/ppwp\/ueber-sicht-uebergangsriten\/","url_meta":{"origin":300,"position":5},"title":"\u00dcber-Sicht \u00dcbergangsriten","author":"admin101","date":"27. M\u00e4rz 2016","format":false,"excerpt":"Unser Leben ist voller Ereignisse, die \u00dcberg\u00e4nge von einem (Lebens-)Abschnitt in einen andern darstellen. Geburt, die Heranreifung eines Kindes zum\/r Erwachenen, Hochzeit, Tod. Das sind wohl die gr\u00f6\u00dften \u00dcberg\u00e4nge im Leben. Doch daneben gibt es noch so viele andere, die mit entsprechenden Ritualen begangen oder geehrt werden k\u00f6nnen. In dieser\u2026","rel":"","context":"\u00c4hnlicher Beitrag","block_context":{"text":"\u00c4hnlicher Beitrag","link":""},"img":{"alt_text":"","src":"","width":0,"height":0},"classes":[]}],"_links":{"self":[{"href":"https:\/\/www.panpagan.com\/forum_neu\/ppwp\/wp-json\/wp\/v2\/pages\/300","targetHints":{"allow":["GET"]}}],"collection":[{"href":"https:\/\/www.panpagan.com\/forum_neu\/ppwp\/wp-json\/wp\/v2\/pages"}],"about":[{"href":"https:\/\/www.panpagan.com\/forum_neu\/ppwp\/wp-json\/wp\/v2\/types\/page"}],"author":[{"embeddable":true,"href":"https:\/\/www.panpagan.com\/forum_neu\/ppwp\/wp-json\/wp\/v2\/users\/7"}],"replies":[{"embeddable":true,"href":"https:\/\/www.panpagan.com\/forum_neu\/ppwp\/wp-json\/wp\/v2\/comments?post=300"}],"version-history":[{"count":18,"href":"https:\/\/www.panpagan.com\/forum_neu\/ppwp\/wp-json\/wp\/v2\/pages\/300\/revisions"}],"predecessor-version":[{"id":860,"href":"https:\/\/www.panpagan.com\/forum_neu\/ppwp\/wp-json\/wp\/v2\/pages\/300\/revisions\/860"}],"wp:featuredmedia":[{"embeddable":true,"href":"https:\/\/www.panpagan.com\/forum_neu\/ppwp\/wp-json\/wp\/v2\/media\/304"}],"wp:attachment":[{"href":"https:\/\/www.panpagan.com\/forum_neu\/ppwp\/wp-json\/wp\/v2\/media?parent=300"}],"curies":[{"name":"wp","href":"https:\/\/api.w.org\/{rel}","templated":true}]}}